{"id":238,"date":"2019-02-20T15:51:44","date_gmt":"2019-02-20T14:51:44","guid":{"rendered":"http:\/\/nord-vasculaire.fr\/?page_id=238"},"modified":"2019-05-06T20:30:42","modified_gmt":"2019-05-06T18:30:42","slug":"sortie","status":"publish","type":"page","link":"https:\/\/nord-vasculaire.fr\/index.php\/le-parcours-de-soin\/sortie\/","title":{"rendered":"La Sortie"},"content":{"rendered":"<p>En fonction de votre \u00e9tat g\u00e9n\u00e9ral, un transport sera demand\u00e9.<\/p>\n<p>Les sorties ont lieu en fin de matin\u00e9e, vers 11h. L&rsquo;ensemble des documents vous sera remis avant la sortie: ordonnances, rendez-vous de consultation, arr\u00eat de travail (si besoin), compte rendu d&rsquo;hospitalisation&#8230;<\/p>\n<p>Vous pouvez rentrer \u00e0 domicile ou \u00eatre accueilli(e) dans un autre service (\u00e0 l&rsquo;h\u00f4pital ou dans un secteur de convalescence).<\/p>\n<p>Nous pouvons \u00eatre amen\u00e9s \u00e0 vous demander de quitter votre chambre en attendant votre moyen de transport (en fonction de votre \u00e9tat de sant\u00e9) pour accueillir une urgence.<\/p>\n<p><a href=\"https:\/\/hopital-prive-villeneuve-d-ascq.ramsaygds.fr\/vous-%C3%AAtes-patient\/votre-sortie-5\" target=\"_blank\" rel=\"noopener noreferrer\">En savoir plus<\/a><\/p>\n<p>&nbsp;<\/p>\n","protected":false},"excerpt":{"rendered":"<p>En fonction de votre \u00e9tat g\u00e9n\u00e9ral, un transport sera demand\u00e9. Les sorties ont lieu en fin de matin\u00e9e, vers 11h. L&rsquo;ensemble des documents vous sera remis avant la sortie: ordonnances, rendez-vous de consultation, arr\u00eat de travail (si besoin), compte rendu d&rsquo;hospitalisation&#8230; Vous pouvez rentrer \u00e0 domicile ou \u00eatre accueilli(e) dans un autre service (\u00e0 l&rsquo;h\u00f4pital &hellip; <\/p>\n<p class=\"link-more\"><a href=\"https:\/\/nord-vasculaire.fr\/index.php\/le-parcours-de-soin\/sortie\/\" class=\"more-link\">Continuer la lecture<span class=\"screen-reader-text\"> de &laquo;&nbsp;La Sortie&nbsp;&raquo;<\/span><\/a><\/p>\n","protected":false},"author":1,"featured_media":451,"parent":530,"menu_order":0,"comment_status":"closed","ping_status":"closed","template":"","meta":{"_mi_skip_tracking":false},"jetpack_sharing_enabled":true,"jetpack_shortlink":"https:\/\/wp.me\/PaJ9uN-3Q","_links":{"self":[{"href":"https:\/\/nord-vasculaire.fr\/index.php\/wp-json\/wp\/v2\/pages\/238"}],"collection":[{"href":"https:\/\/nord-vasculaire.fr\/index.php\/wp-json\/wp\/v2\/pages"}],"about":[{"href":"https:\/\/nord-vasculaire.fr\/index.php\/wp-json\/wp\/v2\/types\/page"}],"author":[{"embeddable":true,"href":"https:\/\/nord-vasculaire.fr\/index.php\/wp-json\/wp\/v2\/users\/1"}],"replies":[{"embeddable":true,"href":"https:\/\/nord-vasculaire.fr\/index.php\/wp-json\/wp\/v2\/comments?post=238"}],"version-history":[{"count":8,"href":"https:\/\/nord-vasculaire.fr\/index.php\/wp-json\/wp\/v2\/pages\/238\/revisions"}],"predecessor-version":[{"id":615,"href":"https:\/\/nord-vasculaire.fr\/index.php\/wp-json\/wp\/v2\/pages\/238\/revisions\/615"}],"up":[{"embeddable":true,"href":"https:\/\/nord-vasculaire.fr\/index.php\/wp-json\/wp\/v2\/pages\/530"}],"wp:featuredmedia":[{"embeddable":true,"href":"https:\/\/nord-vasculaire.fr\/index.php\/wp-json\/wp\/v2\/media\/451"}],"wp:attachment":[{"href":"https:\/\/nord-vasculaire.fr\/index.php\/wp-json\/wp\/v2\/media?parent=238"}],"curies":[{"name":"wp","href":"https:\/\/api.w.org\/{rel}","templated":true}]}}