{"id":530,"date":"2019-04-30T16:30:29","date_gmt":"2019-04-30T14:30:29","guid":{"rendered":"http:\/\/nord-vasculaire.fr\/?page_id=530"},"modified":"2019-04-30T17:01:39","modified_gmt":"2019-04-30T15:01:39","slug":"le-parcours-de-soin","status":"publish","type":"page","link":"http:\/\/nord-vasculaire.fr\/index.php\/le-parcours-de-soin\/","title":{"rendered":"Le Parcours de Soin"},"content":{"rendered":"<h2 style=\"text-align: center;\"><a href=\"http:\/\/nord-vasculaire.fr\/index.php\/pre-hospitalisation\/\">Avant d&rsquo;\u00eatre hospitalis\u00e9<\/a><\/h2>\n<h2 style=\"text-align: center;\"><a href=\"http:\/\/nord-vasculaire.fr\/index.php\/deroulement-hospitalisation\/\">D\u00e9roulement de l&rsquo;op\u00e9ration<\/a><\/h2>\n<h2 style=\"text-align: center;\"><a href=\"http:\/\/nord-vasculaire.fr\/index.php\/visites\/\">Les Visites<\/a><\/h2>\n<h2 style=\"text-align: center;\"><a href=\"http:\/\/nord-vasculaire.fr\/index.php\/sortie\">La Sortie<\/a><\/h2>\n<h2 style=\"text-align: center;\"><a href=\"http:\/\/nord-vasculaire.fr\/index.php\/numeros-utiles\/\">Num\u00e9ro Utiles<\/a><\/h2>\n<p>&nbsp;<\/p>\n<p style=\"text-align: center;\">\n","protected":false},"excerpt":{"rendered":"<p>Avant d&rsquo;\u00eatre hospitalis\u00e9 D\u00e9roulement de l&rsquo;op\u00e9ration Les Visites La Sortie Num\u00e9ro Utiles &nbsp;<\/p>\n","protected":false},"author":2,"featured_media":544,"parent":0,"menu_order":0,"comment_status":"closed","ping_status":"closed","template":"","meta":{"_mi_skip_tracking":false},"jetpack_sharing_enabled":true,"jetpack_shortlink":"https:\/\/wp.me\/PaJ9uN-8y","_links":{"self":[{"href":"http:\/\/nord-vasculaire.fr\/index.php\/wp-json\/wp\/v2\/pages\/530"}],"collection":[{"href":"http:\/\/nord-vasculaire.fr\/index.php\/wp-json\/wp\/v2\/pages"}],"about":[{"href":"http:\/\/nord-vasculaire.fr\/index.php\/wp-json\/wp\/v2\/types\/page"}],"author":[{"embeddable":true,"href":"http:\/\/nord-vasculaire.fr\/index.php\/wp-json\/wp\/v2\/users\/2"}],"replies":[{"embeddable":true,"href":"http:\/\/nord-vasculaire.fr\/index.php\/wp-json\/wp\/v2\/comments?post=530"}],"version-history":[{"count":5,"href":"http:\/\/nord-vasculaire.fr\/index.php\/wp-json\/wp\/v2\/pages\/530\/revisions"}],"predecessor-version":[{"id":537,"href":"http:\/\/nord-vasculaire.fr\/index.php\/wp-json\/wp\/v2\/pages\/530\/revisions\/537"}],"wp:featuredmedia":[{"embeddable":true,"href":"http:\/\/nord-vasculaire.fr\/index.php\/wp-json\/wp\/v2\/media\/544"}],"wp:attachment":[{"href":"http:\/\/nord-vasculaire.fr\/index.php\/wp-json\/wp\/v2\/media?parent=530"}],"curies":[{"name":"wp","href":"https:\/\/api.w.org\/{rel}","templated":true}]}}