{"id":522,"date":"2019-05-01T13:54:48","date_gmt":"2019-05-01T11:54:48","guid":{"rendered":"http:\/\/nord-vasculaire.fr\/?page_id=522"},"modified":"2019-05-02T16:22:35","modified_gmt":"2019-05-02T14:22:35","slug":"la-chirurgie-vasculaire-2","status":"publish","type":"page","link":"http:\/\/nord-vasculaire.fr\/index.php\/la-chirurgie-vasculaire-2\/","title":{"rendered":"Qu&rsquo;est ce que la chirurgie vasculaire ?"},"content":{"rendered":"<h2>Qu&rsquo;est ce que la chirurgie vasculaire ?<\/h2>\n<p>Un chirurgien vasculaire est sp\u00e9cialis\u00e9 dans la prise en charge chirurgicale des maladies des vaisseaux: les art\u00e8res et les veines.<\/p>\n<h3>Quelles sont les principales atteintes des vaisseaux prises en charge par un chirurgien vasculaire ?<\/h3>\n<ul>\n<li>Art\u00e8res \u00ab\u00a0bouch\u00e9es\u00a0\u00bb , en majeure partie par l&rsquo;<a href=\"http:\/\/www.vasculaire.com\/fr\/Maladies\/Prevention-de-l-Atherosclerose\/I-Qu-est-ce-que-l-Atherosclerose\" target=\"_blank\" rel=\"noopener noreferrer\">ath\u00e9roscl\u00e9rose<\/a>. on parle de \u00ab\u00a0st\u00e9nose\u00a0\u00bb, ou de \u00ab\u00a0thrombose\u00a0\u00bb.<\/li>\n<li>Art\u00e8res dilat\u00e9es (an\u00e9vrisme) : le risque est la rupture art\u00e9rielle, se traduisant par une h\u00e9morragie interne<\/li>\n<li>L&rsquo; insuffisance veineuse, ou <a href=\"http:\/\/nord-vasculaire.fr\/index.php\/varices\/\" target=\"_blank\" rel=\"noopener noreferrer\"><strong>varices:<\/strong><\/a>\n<ul>\n<li>Elle se d\u00e9finit par une stagnation du sang dans les membres inf\u00e9rieurs. Les sympt\u00f4mes associent une lourdeur dans les jambes, parfois des d\u00e9mangeaisons, de l&rsquo;eczema&#8230;<\/li>\n<\/ul>\n<\/li>\n<\/ul>\n<p>Ces maladies des vaisseaux peuvent se traiter en chirurgie ouverte, en chirurgie endovasculaire (en passant par l&rsquo;int\u00e9rieur des vaisseaux, sans ouvrir), ou les 2 techniques combin\u00e9es. <strong>Seul un chirurgien vasculaire ma\u00eetrise parfaitement l&rsquo;ensemble de ces techniques, et est donc en mesure de proposer \u00e0 chaque patient un traitement sur mesure.<\/strong><\/p>\n<p>La localisation des l\u00e9sions, leurs caract\u00e9ristiques, votre \u00e9tat de sant\u00e9 etc&#8230; Sont autant de facteurs qui orientent le choix de la strat\u00e9gie chirurgicale. votre chirurgien abordera avec vous les \u00a0diff\u00e9rentes solutions possibles, leurs avantage, et leurs inconv\u00e9nients. Parfois, une combinaison de plusieurs techniques est propos\u00e9e.<\/p>\n<p>Quelle que soit la technique, un traitement m\u00e9dial adapt\u00e9 est n\u00e9cessaire pour une parfaite r\u00e9ussite de la strat\u00e9gie d\u00e9cid\u00e9e avec le patient.<\/p>\n<h3>La chirurgie ouverte<\/h3>\n<p>Par une incision cutan\u00e9e, le chirurgien aborde directement le vaisseau cible afin de le r\u00e9parer, le \u00ab\u00a0gratter\u00a0\u00bb pour enlever le caillot ou r\u00e9aliser un pontage.<\/p>\n<h3>La chirurgie endovasculaire<\/h3>\n<p>Par une incision restreinte (de quelques millim\u00e8tres \u00e0 1 \u00e0 2cm), des guides sont pass\u00e9s dans les vaisseaux (art\u00e8res ou veines), permettant d&rsquo;atteindre la l\u00e9sion, puis r\u00e9aliser le traitement. La taille r\u00e9duite de l&rsquo;incision et l&rsquo;absence de plaie acc\u00e9l\u00e8rent la r\u00e9cup\u00e9ration postop\u00e9ratoire.<\/p>\n<p>&nbsp;<\/p>\n<p>Chaque technique pr\u00e9sente des avantages, des inconv\u00e9nients, et des risques propres que votre chirurgien discutera avec vous afin de vous proposer une solution th\u00e9rapeutique personnalis\u00e9e.<\/p>\n","protected":false},"excerpt":{"rendered":"<p>Qu&rsquo;est ce que la chirurgie vasculaire ? Un chirurgien vasculaire est sp\u00e9cialis\u00e9 dans la prise en charge chirurgicale des maladies des vaisseaux: les art\u00e8res et les veines. Quelles sont les principales atteintes des vaisseaux prises en charge par un chirurgien vasculaire ? Art\u00e8res \u00ab\u00a0bouch\u00e9es\u00a0\u00bb , en majeure partie par l&rsquo;ath\u00e9roscl\u00e9rose. on parle de \u00ab\u00a0st\u00e9nose\u00a0\u00bb, ou &hellip; <\/p>\n<p class=\"link-more\"><a href=\"http:\/\/nord-vasculaire.fr\/index.php\/la-chirurgie-vasculaire-2\/\" class=\"more-link\">Continuer la lecture<span class=\"screen-reader-text\"> de &laquo;&nbsp;Qu&rsquo;est ce que la chirurgie vasculaire ?&nbsp;&raquo;<\/span><\/a><\/p>\n","protected":false},"author":1,"featured_media":555,"parent":0,"menu_order":0,"comment_status":"closed","ping_status":"closed","template":"","meta":{"_mi_skip_tracking":false},"jetpack_sharing_enabled":true,"jetpack_shortlink":"https:\/\/wp.me\/PaJ9uN-8q","_links":{"self":[{"href":"http:\/\/nord-vasculaire.fr\/index.php\/wp-json\/wp\/v2\/pages\/522"}],"collection":[{"href":"http:\/\/nord-vasculaire.fr\/index.php\/wp-json\/wp\/v2\/pages"}],"about":[{"href":"http:\/\/nord-vasculaire.fr\/index.php\/wp-json\/wp\/v2\/types\/page"}],"author":[{"embeddable":true,"href":"http:\/\/nord-vasculaire.fr\/index.php\/wp-json\/wp\/v2\/users\/1"}],"replies":[{"embeddable":true,"href":"http:\/\/nord-vasculaire.fr\/index.php\/wp-json\/wp\/v2\/comments?post=522"}],"version-history":[{"count":7,"href":"http:\/\/nord-vasculaire.fr\/index.php\/wp-json\/wp\/v2\/pages\/522\/revisions"}],"predecessor-version":[{"id":560,"href":"http:\/\/nord-vasculaire.fr\/index.php\/wp-json\/wp\/v2\/pages\/522\/revisions\/560"}],"wp:featuredmedia":[{"embeddable":true,"href":"http:\/\/nord-vasculaire.fr\/index.php\/wp-json\/wp\/v2\/media\/555"}],"wp:attachment":[{"href":"http:\/\/nord-vasculaire.fr\/index.php\/wp-json\/wp\/v2\/media?parent=522"}],"curies":[{"name":"wp","href":"https:\/\/api.w.org\/{rel}","templated":true}]}}