{"id":264,"date":"2019-02-20T17:52:57","date_gmt":"2019-02-20T16:52:57","guid":{"rendered":"http:\/\/nord-vasculaire.fr\/?page_id=264"},"modified":"2019-05-07T21:09:08","modified_gmt":"2019-05-07T19:09:08","slug":"echographie","status":"publish","type":"page","link":"http:\/\/nord-vasculaire.fr\/index.php\/examens\/echographie\/","title":{"rendered":"L&rsquo;echographie"},"content":{"rendered":"<p>&nbsp;<\/p>\n<p><u>Echo-doppler art\u00e9riel et veineux (autrement appel\u00e9 \u00e9chographie-doppler)<\/u><\/p>\n<p>L\u2019\u00e9chographie permet l\u2019exploration du corps humain selon un proc\u00e9d\u00e9 proche de celui du sonar, utilisant les ultrasons.<\/p>\n<p>Elle permet de visualiser les diff\u00e9rents tissus du corps humain et en particulier la paroi des vaisseaux.<\/p>\n<p>L\u2019effet doppler mesure le d\u00e9placement des globules rouges du sang \u00e0 l\u2019int\u00e9rieur des vaisseaux, il permet de visualiser la circulation du sang dans les art\u00e8res et dans les veines.<\/p>\n<p>L\u2019 examen \u00e9cho-doppler associe donc l\u2019\u00e9chographie et l\u2019effet doppler.<\/p>\n<p>C&rsquo;est un examen<strong> indolore et atraumatique.<\/strong> Il est <strong>non-invasif,<\/strong> c&rsquo;est-\u00e0-dire qu&rsquo;il ne n\u00e9cessite ni piq\u00fbre ni injection. Il est <strong>sans danger pour les tissus<\/strong>, pouvant \u00eatre r\u00e9p\u00e9t\u00e9 autant de fois qu&rsquo;il est n\u00e9cessaire.<\/p>\n<p><strong>Il n&rsquo;y a pas de contre-indication \u00e0 cet examen<\/strong> qui peut \u00eatre pratiqu\u00e9 y compris chez les enfants en bas \u00e2ge ou les femmes enceintes.<\/p>\n<p>&nbsp;<\/p>\n<p><u>Echo doppler art\u00e9riel des membres<\/u><\/p>\n<p>Gr\u00e2ce \u00e0 cet examen\u00a0on peut \u00e9tudier la \u00ab\u00a0<strong>morphologie<\/strong>\u00a0\u00bb et la \u00ab\u00a0<strong>perm\u00e9abilit\u00e9<\/strong>\u00a0\u00bb de la quasi totalit\u00e9 des art\u00e8res du corps.<\/p>\n<p>Il s&rsquo;agit d&rsquo;\u00e9tudier la morphologie et la perm\u00e9abilit\u00e9 des art\u00e8res.<\/p>\n<p style=\"background: rgba(0, 0, 0, 0) none repeat scroll 0% 0%;\"><img src=\"https:\/\/s2.qwant.com\/thumbr\/0x0\/f\/f\/13d126edcb8dba936547bee4804077fce141aa72b750a410aaac3260b7c152\/cig1_modifie-1.jpg?u=https%3A%2F%2Fims-77.fr%2Fimages%2FEXAMENS%2Fechographie%2Fcig1_modifie-1.jpg&amp;q=0&amp;b=1&amp;p=0&amp;a=1\" alt=\"Echographie doppler\" onload=\"style.opacity=1; parentNode.style.background='none'\" style=\"opacity: 1;\" class=\"aligncenter\" \/><\/p>\n<p>L&rsquo;EchoDoppler d\u00e9tecte et mesure une \u00e9ventuelle <strong>obstruction<\/strong> ou r\u00e9tr\u00e9cissement art\u00e9riel (st\u00e9nose), ou bien une <strong>dilatation art\u00e9rielle: un an\u00e9vrisme.<\/strong><\/p>\n<p>L&rsquo;\u00e9choDoppler est ainsi tr\u00e8s utile pour diagnostiquer, \u00e9valuer et suivre l&rsquo;art\u00e9riopathie oblit\u00e9rante des membres inf\u00e9rieurs (AOMI), commun\u00e9ment appel\u00e9e art\u00e9rite. Il en est de m\u00eame pour les <strong>an\u00e9vrismes<\/strong>, que ce soit avant l\u2019op\u00e9ration, ou dans le cadre du suivi post-op\u00e9ratoire.<\/p>\n<p><a href=\"https:\/\/www.ameli.fr\/assure\/sante\/examen\/imagerie-medicale\/deroulement-echo-doppler-veineux-membres-inferieurs\" target=\"_blank\" rel=\"noopener noreferrer\"><u>ED veineux des membres:<\/u><\/a><\/p>\n<p>Gr\u00e2ce \u00e0 cet examen on peut \u00e9tudier la <strong>morphologie<\/strong>, la <strong>perm\u00e9abilit\u00e9<\/strong> et le bon fonctionnement de la quasi totalit\u00e9 des veines du corps.<\/p>\n<p>Cet examen permet de visualiser le r\u00e9seau veineux superficiel (sous la peau visibles \u00e0 l&rsquo;\u0153il nu) comme le r\u00e9seau veineux profond (pr\u00e8s des art\u00e8res, en profondeur, donc non visibles a l&rsquo;\u0153il nu).<\/p>\n<p>&nbsp;<\/p>\n<p>L&rsquo;EchoDoppler permet la recherche d&rsquo;une \u00e9ventuelle <strong>obstruction<\/strong> veineuse par un caillot (thrombose). Il est donc tr\u00e8s employ\u00e9 pour la d\u00e9tection des phl\u00e9bites. Visualisant le flux sanguin, il en rep\u00e8re le sens et la vitesse, rep\u00e9rant les <strong>reflux <\/strong>anormaux (<a href=\"http:\/\/nord-vasculaire.fr\/index.php\/pathologies\/veines\/les-varies\/varices\/\" target=\"_blank\" rel=\"noopener noreferrer\">insuffisance veineuse<\/a>).<\/p>\n<p>Cet examen permet aussi de d\u00e9celer une \u00e9ventuelle anomalie de forme de ces veines.<\/p>\n<p>&nbsp;<\/p>\n<p>En assemblant tous les renseignements morphologiques et fonctionnels fournis par cet examen, il est possible de:<\/p>\n<p>&#8211; identifier les <strong>veines variqueuses<\/strong> en \u00e9tablissant une v\u00e9ritable <strong>cartographie <\/strong>des r\u00e9seaux veineux.<\/p>\n<p>&#8211; poser un \u00e9ventuel diagnostic de <strong>phl\u00e9bite.<\/strong><\/p>\n<p>&#8211; r\u00e9aliser un <strong>marquage<\/strong> cutan\u00e9 pr\u00e9-op\u00e9ratoire (avant un pontage ou <a href=\"http:\/\/nord-vasculaire.fr\/index.php\/pathologies\/veines\/les-varies\/le-traitement\/\" target=\"_blank\" rel=\"noopener noreferrer\">une op\u00e9ration de varices<\/a>).<\/p>\n<p>&nbsp;<\/p>\n<p>&nbsp;<\/p>\n<p>&nbsp;<\/p>\n","protected":false},"excerpt":{"rendered":"<p>&nbsp; Echo-doppler art\u00e9riel et veineux (autrement appel\u00e9 \u00e9chographie-doppler) L\u2019\u00e9chographie permet l\u2019exploration du corps humain selon un proc\u00e9d\u00e9 proche de celui du sonar, utilisant les ultrasons. Elle permet de visualiser les diff\u00e9rents tissus du corps humain et en particulier la paroi des vaisseaux. L\u2019effet doppler mesure le d\u00e9placement des globules rouges du sang \u00e0 l\u2019int\u00e9rieur des &hellip; <\/p>\n<p class=\"link-more\"><a href=\"http:\/\/nord-vasculaire.fr\/index.php\/examens\/echographie\/\" class=\"more-link\">Continuer la lecture<span class=\"screen-reader-text\"> de &laquo;&nbsp;L&rsquo;echographie&nbsp;&raquo;<\/span><\/a><\/p>\n","protected":false},"author":1,"featured_media":0,"parent":240,"menu_order":0,"comment_status":"closed","ping_status":"closed","template":"","meta":{"_mi_skip_tracking":false},"jetpack_sharing_enabled":true,"jetpack_shortlink":"https:\/\/wp.me\/PaJ9uN-4g","_links":{"self":[{"href":"http:\/\/nord-vasculaire.fr\/index.php\/wp-json\/wp\/v2\/pages\/264"}],"collection":[{"href":"http:\/\/nord-vasculaire.fr\/index.php\/wp-json\/wp\/v2\/pages"}],"about":[{"href":"http:\/\/nord-vasculaire.fr\/index.php\/wp-json\/wp\/v2\/types\/page"}],"author":[{"embeddable":true,"href":"http:\/\/nord-vasculaire.fr\/index.php\/wp-json\/wp\/v2\/users\/1"}],"replies":[{"embeddable":true,"href":"http:\/\/nord-vasculaire.fr\/index.php\/wp-json\/wp\/v2\/comments?post=264"}],"version-history":[{"count":5,"href":"http:\/\/nord-vasculaire.fr\/index.php\/wp-json\/wp\/v2\/pages\/264\/revisions"}],"predecessor-version":[{"id":621,"href":"http:\/\/nord-vasculaire.fr\/index.php\/wp-json\/wp\/v2\/pages\/264\/revisions\/621"}],"up":[{"embeddable":true,"href":"http:\/\/nord-vasculaire.fr\/index.php\/wp-json\/wp\/v2\/pages\/240"}],"wp:attachment":[{"href":"http:\/\/nord-vasculaire.fr\/index.php\/wp-json\/wp\/v2\/media?parent=264"}],"curies":[{"name":"wp","href":"https:\/\/api.w.org\/{rel}","templated":true}]}}