{"id":231,"date":"2019-02-20T15:48:18","date_gmt":"2019-02-20T14:48:18","guid":{"rendered":"http:\/\/nord-vasculaire.fr\/?page_id=231"},"modified":"2019-05-02T21:46:27","modified_gmt":"2019-05-02T19:46:27","slug":"visites","status":"publish","type":"page","link":"http:\/\/nord-vasculaire.fr\/index.php\/le-parcours-de-soin\/visites\/","title":{"rendered":"Les visites"},"content":{"rendered":"<p>Les visites sont autoris\u00e9es en respectant les r\u00e8gles de vie et de s\u00e9curit\u00e9 de l\u2019\u00e9tablissement. Les visites sont autoris\u00e9es l\u2019apr\u00e8s-midi et le nombre de visiteurs est limit\u00e9.<\/p>\n<p>Le matin correspond \u00e0 une p\u00e9riode de soins pour les patients. De nombreux intervenants m\u00e9dicaux et param\u00e9dicaux sont impliqu\u00e9s durant ce temps. Pour la bonne continuit\u00e9 des soins, le respect de l&rsquo;intimit\u00e9 du patient et de la confidentialit\u00e9, les visites ne sont pas autoris\u00e9es.<\/p>\n<p>Les visites de jeunes de moins de 15 ans sont d\u00e9conseill\u00e9es. Renseignez-vous d\u00e8s votre arriv\u00e9e dans le service sur les r\u00e8gles \u00e0 respecter.<\/p>\n<p>Selon les capacit\u00e9s de l\u2019\u00e9tablissement et en chambre particuli\u00e8re, un accompagnant peut rester avec vous la nuit. Des repas \u00ab accompagnants \u00bb sont \u00e9galement propos\u00e9s. Vous trouverez le d\u00e9tail dans la brochure d&rsquo;accueil.<\/p>\n<p>Dans le respect du r\u00e8glement int\u00e9rieur de l\u2019\u00e9tablissement et sauf mesure sp\u00e9cifique de pr\u00e9vention des risques associ\u00e9s \u00e0 votre \u00e9tat de sant\u00e9, vous pouvez circuler librement dans l\u2019enceinte de l\u2019\u00e9tablissement. Au cours de votre s\u00e9jour, des permissions de sorties temporaires peuvent \u00eatre accord\u00e9es par votre m\u00e9decin.<\/p>\n","protected":false},"excerpt":{"rendered":"<p>Les visites sont autoris\u00e9es en respectant les r\u00e8gles de vie et de s\u00e9curit\u00e9 de l\u2019\u00e9tablissement. Les visites sont autoris\u00e9es l\u2019apr\u00e8s-midi et le nombre de visiteurs est limit\u00e9. Le matin correspond \u00e0 une p\u00e9riode de soins pour les patients. De nombreux intervenants m\u00e9dicaux et param\u00e9dicaux sont impliqu\u00e9s durant ce temps. Pour la bonne continuit\u00e9 des soins, &hellip; <\/p>\n<p class=\"link-more\"><a href=\"http:\/\/nord-vasculaire.fr\/index.php\/le-parcours-de-soin\/visites\/\" class=\"more-link\">Continuer la lecture<span class=\"screen-reader-text\"> de &laquo;&nbsp;Les visites&nbsp;&raquo;<\/span><\/a><\/p>\n","protected":false},"author":1,"featured_media":538,"parent":530,"menu_order":0,"comment_status":"closed","ping_status":"closed","template":"","meta":{"_mi_skip_tracking":false},"jetpack_sharing_enabled":true,"jetpack_shortlink":"https:\/\/wp.me\/PaJ9uN-3J","_links":{"self":[{"href":"http:\/\/nord-vasculaire.fr\/index.php\/wp-json\/wp\/v2\/pages\/231"}],"collection":[{"href":"http:\/\/nord-vasculaire.fr\/index.php\/wp-json\/wp\/v2\/pages"}],"about":[{"href":"http:\/\/nord-vasculaire.fr\/index.php\/wp-json\/wp\/v2\/types\/page"}],"author":[{"embeddable":true,"href":"http:\/\/nord-vasculaire.fr\/index.php\/wp-json\/wp\/v2\/users\/1"}],"replies":[{"embeddable":true,"href":"http:\/\/nord-vasculaire.fr\/index.php\/wp-json\/wp\/v2\/comments?post=231"}],"version-history":[{"count":4,"href":"http:\/\/nord-vasculaire.fr\/index.php\/wp-json\/wp\/v2\/pages\/231\/revisions"}],"predecessor-version":[{"id":490,"href":"http:\/\/nord-vasculaire.fr\/index.php\/wp-json\/wp\/v2\/pages\/231\/revisions\/490"}],"up":[{"embeddable":true,"href":"http:\/\/nord-vasculaire.fr\/index.php\/wp-json\/wp\/v2\/pages\/530"}],"wp:featuredmedia":[{"embeddable":true,"href":"http:\/\/nord-vasculaire.fr\/index.php\/wp-json\/wp\/v2\/media\/538"}],"wp:attachment":[{"href":"http:\/\/nord-vasculaire.fr\/index.php\/wp-json\/wp\/v2\/media?parent=231"}],"curies":[{"name":"wp","href":"https:\/\/api.w.org\/{rel}","templated":true}]}}