{"id":225,"date":"2019-02-20T15:44:56","date_gmt":"2019-02-20T14:44:56","guid":{"rendered":"http:\/\/nord-vasculaire.fr\/?page_id=225"},"modified":"2020-04-05T14:50:38","modified_gmt":"2020-04-05T12:50:38","slug":"pre-hospitalisation","status":"publish","type":"page","link":"http:\/\/nord-vasculaire.fr\/index.php\/le-parcours-de-soin\/pre-hospitalisation\/","title":{"rendered":"Pr\u00e9parer votre l&rsquo;hospitalisation"},"content":{"rendered":"<h3>Vous allez \u00eatre op\u00e9r\u00e9 prochainement par le Docteur ROUER ou le Docteur VASSEUR.<\/h3>\n<p>Dans le cadre du bon d\u00e9roulement de l&rsquo;intervention, il n\u00e9cessaire de r\u00e9aliser quelques d\u00e9marches avant votre entr\u00e9e en hospitalisation.<\/p>\n<p>Selon l&rsquo;intervention propos\u00e9e et votre \u00e9tat de sant\u00e9, un bilan pr\u00e9 op\u00e9ratoire pouss\u00e9 pourra \u00eatre n\u00e9cessaire: cardiologue, pneumologue&#8230;<\/p>\n<p>Il vous faudra ensuite, de mani\u00e8re imp\u00e9rative, rencontrer l&rsquo;\u00e9quipe d&rsquo;anesth\u00e9sie plusieurs jours avant l&rsquo;op\u00e9ration.<\/p>\n<p>Ce rendez-vous d&rsquo;anesth\u00e9sie sera r\u00e9alis\u00e9 dans la structure o\u00f9 vous serez pris en charge.<\/p>\n<p>Lors de cette consultation, vous munir de vos derniers examens m\u00e9dicaux en vue de la consultation (prises de sang, examen cardiologue, \u00e9cho-doppler, etc&#8230;). Le m\u00e9decin anesth\u00e9siste pourra, en fonction des donn\u00e9es recueillies, vous demander de r\u00e9aliser des examens compl\u00e9mentaires pour le bon d\u00e9roulement de l&rsquo;intervention.<\/p>\n<p>Lors de votre entr\u00e9e, il est n\u00e9cessaire de ramener vos bandes de contention et\/ou traitements qui vous ont \u00e9t\u00e9 prescris par le chirurgien lors de votre derni\u00e8re visite.<\/p>\n<p><strong>Si vous rencontrez des difficult\u00e9s lors de la prise d&rsquo;un rendez-vous avec les m\u00e9decins sp\u00e9cialistes, vous pouvez joindre directement le secr\u00e9tariat des chirurgiens pour qu&rsquo;il vous aide dans votre d\u00e9marche.<\/strong><\/p>\n<h4>D\u00e9marches administratives pr\u00e9 op\u00e9ratoires<\/h4>\n<p>Il vous faudra r\u00e9server une chambre \u00e0 l&rsquo;h\u00f4pital o\u00f9 vous s\u00e9journerez. Un document vous sera remis le jour de votre consultation avec le chirurgien. Il existe deux fa\u00e7ons de vous enregistrer \u00e0 l&rsquo;h\u00f4pital :<\/p>\n<ul>\n<li>par internet (lien sur le document ou <a href=\"https:\/\/m-hopital-prive-villeneuve-d-ascq.ramsaygds.fr\/vous-%C3%AAtes-patient\/votre-admission-4\">ici<\/a>).<\/li>\n<li>ou remplir le document et le remettre directement au secr\u00e9tariat de l&rsquo;h\u00f4pital.<\/li>\n<\/ul>\n<p>Si vous rencontrez des difficult\u00e9s lors de votre enregistrement, vous pouvez joindre directement le secr\u00e9tariat du chirurgien ou l&rsquo;accueil de l&rsquo;h\u00f4pital o\u00f9 vous serez pris en charge.<\/p>\n<p><strong>Documents \u00e0 ramener:<\/strong><\/p>\n<ul>\n<li>Ordonnances les plus r\u00e9centes<\/li>\n<li>L&rsquo;ensemble des examens compl\u00e9mentaires r\u00e9alis\u00e9s (\u00e9chographies, scanner, prise de sang&#8230;)<\/li>\n<\/ul>\n<h5>Sortie<\/h5>\n<p>Pensez \u00e0 vous organiser pour le retour \u00e0 domicile;:<\/p>\n<ul>\n<li>Accompagnant pour le jour de votre sortie, <strong>y compris<\/strong> en cas de chirurgie ambulatoire<\/li>\n<li>Aide \u00e0 domicile<\/li>\n<li>En cas de difficult\u00e9s pr\u00e9visibles de maintien \u00e0 domicile post\u00a0 op\u00e9ratoire, signalez le d\u00e8s que possible au chirurgien ou l&rsquo;\u00e9quipe soignante afin que le service puisse mettre en place des aides \u00e0 domicile ou une convalescence.<\/li>\n<\/ul>\n","protected":false},"excerpt":{"rendered":"<p>Vous allez \u00eatre op\u00e9r\u00e9 prochainement par le Docteur ROUER ou le Docteur VASSEUR. Dans le cadre du bon d\u00e9roulement de l&rsquo;intervention, il n\u00e9cessaire de r\u00e9aliser quelques d\u00e9marches avant votre entr\u00e9e en hospitalisation. Selon l&rsquo;intervention propos\u00e9e et votre \u00e9tat de sant\u00e9, un bilan pr\u00e9 op\u00e9ratoire pouss\u00e9 pourra \u00eatre n\u00e9cessaire: cardiologue, pneumologue&#8230; Il vous faudra ensuite, de &hellip; <\/p>\n<p class=\"link-more\"><a href=\"http:\/\/nord-vasculaire.fr\/index.php\/le-parcours-de-soin\/pre-hospitalisation\/\" class=\"more-link\">Continuer la lecture<span class=\"screen-reader-text\"> de &laquo;&nbsp;Pr\u00e9parer votre l&rsquo;hospitalisation&nbsp;&raquo;<\/span><\/a><\/p>\n","protected":false},"author":1,"featured_media":194,"parent":530,"menu_order":0,"comment_status":"closed","ping_status":"closed","template":"","meta":{"_mi_skip_tracking":false},"jetpack_sharing_enabled":true,"jetpack_shortlink":"https:\/\/wp.me\/PaJ9uN-3D","_links":{"self":[{"href":"http:\/\/nord-vasculaire.fr\/index.php\/wp-json\/wp\/v2\/pages\/225"}],"collection":[{"href":"http:\/\/nord-vasculaire.fr\/index.php\/wp-json\/wp\/v2\/pages"}],"about":[{"href":"http:\/\/nord-vasculaire.fr\/index.php\/wp-json\/wp\/v2\/types\/page"}],"author":[{"embeddable":true,"href":"http:\/\/nord-vasculaire.fr\/index.php\/wp-json\/wp\/v2\/users\/1"}],"replies":[{"embeddable":true,"href":"http:\/\/nord-vasculaire.fr\/index.php\/wp-json\/wp\/v2\/comments?post=225"}],"version-history":[{"count":5,"href":"http:\/\/nord-vasculaire.fr\/index.php\/wp-json\/wp\/v2\/pages\/225\/revisions"}],"predecessor-version":[{"id":227,"href":"http:\/\/nord-vasculaire.fr\/index.php\/wp-json\/wp\/v2\/pages\/225\/revisions\/227"}],"up":[{"embeddable":true,"href":"http:\/\/nord-vasculaire.fr\/index.php\/wp-json\/wp\/v2\/pages\/530"}],"wp:featuredmedia":[{"embeddable":true,"href":"http:\/\/nord-vasculaire.fr\/index.php\/wp-json\/wp\/v2\/media\/194"}],"wp:attachment":[{"href":"http:\/\/nord-vasculaire.fr\/index.php\/wp-json\/wp\/v2\/media?parent=225"}],"curies":[{"name":"wp","href":"https:\/\/api.w.org\/{rel}","templated":true}]}}